{"id":2,"date":"2026-04-04T00:48:45","date_gmt":"2026-04-03T22:48:45","guid":{"rendered":"https:\/\/sponsorforum.dk\/?page_id=2"},"modified":"2026-04-08T23:24:31","modified_gmt":"2026-04-08T21:24:31","slug":"eksempel-side","status":"publish","type":"page","link":"https:\/\/sponsorforum.dk\/index.php\/eksempel-side\/","title":{"rendered":"Sponsor Forum"},"content":{"rendered":"\n<p>Sponsor Forum er baseret p\u00e5 ideen om en sponsor, som een, der st\u00f8tter et andet menneske i, at fremme eller st\u00f8tte op om en forandringsproces, et projekt eller lignende. Vores prim\u00e6re m\u00e5lgruppe er unge mellem 17 og 21 \u00e5r. Vi kan godt lave undtagelser hvis de er relateret til vores Visioner, om at fremme det individuelle ansvar.<\/p>\n\n\n\n<blockquote class=\"wp-block-quote is-layout-flow wp-block-quote-is-layout-flow\">\n<p>Sponsoratet kan v\u00e6re enten en personlig indsats, som mentoring, coaching, st\u00f8ttende voksen, rolle model&#8230; <\/p>\n\n\n\n<p>Det kan ogs\u00e5 v\u00e6re sponsorater i form af anden \u00f8konomisk st\u00f8tte, f.eks. penge, gaver, b\u00f8ger, <\/p>\n\n\n\n<p>eller egne produkter, t\u00f8j, tasker, tr\u00e6ningsmuligheder etc.<\/p>\n\n\n\n<p>Alle kan v\u00e6re Sponsorer. Har du en s\u00e6rlig interesse i vores modtager gruppe, s\u00e5 er vi behj\u00e6lpelige med at oprette kontakten mellem dig og den unge.<\/p>\n\n\n\n<p>Vi \u00f8nsker at st\u00f8tte ungdommen is\u00e6r, da det er ungdommen, der har mest brug for st\u00f8tte og support. Ungdommen skal overtage efter os og der er mange, som har det sv\u00e6rt. Det at g\u00e5 fra barndom til ungdom og ungdom til voksen, er en udfordring for alle. Men mange unge oplever, at f\u00f8le sig svigtet og efterladt i systemet. Der skal ikke n\u00f8dvendigvis s\u00e5 meget til.<\/p>\n\n\n\n<p class=\"has-black-color has-text-color has-link-color has-large-font-size wp-elements-23dcfc5e3bfc843e01d2aa89333ae2b7\">Rette sol<\/p>\n\n\n\n<p>Vi arbejder med et princip, som vi kalder Rette Sol. <\/p>\n<\/blockquote>\n\n\n\n<p>Rette sol er, n\u00e5r vi oplever at blive set, h\u00f8rt og m\u00f8dt. Pludselig er noget forandret indeni. S\u00e5dan har vi mennesker nogle naturlige behov, som n\u00e5r de bliver set, h\u00f8rt og m\u00f8dt, f\u00e5r os til at blomstre og folde os  ud.<\/p>\n\n\n\n<blockquote class=\"wp-block-quote is-layout-flow wp-block-quote-is-layout-flow\">\n<p>Sponsor Forum besk\u00e6ftiger vi os med, at bevidstg\u00f8re ansvaret for at udvikle rette sol og ikke vente p\u00e5, at nogen kommer og redder os.<\/p>\n\n\n\n<p>Vi skaber gode relationer til vore sponsorer og dem der har brug for mere &#8220;solskin&#8221; i deres liv.<\/p>\n\n\n\n<p>Vi arbejder med kontrakter og aftaler. Vi tager udgangspunkt i de aftaler vi laver med os selv og dern\u00e6st laver vi aftaler med andre. Det kr\u00e6ver at der er villighed til at se indad og arbejde med det personlige ansvar. Det er nemmere n\u00e5r krisen kradser og den unge allerede har m\u00e6rket konsekvenserne af fortidens historier. Der kommer ikke noget og redder os eller dem. Men vi har alle muligheder for at lave noget om. Men vi skal selv ville det!<\/p>\n\n\n\n<p>Nogle gange har vi brug for lidt hj\u00e6lp andre gange mere hj\u00e6lp. Men det er menneskeligt at fejle og vi kan alle have brug for en ny chance.<\/p>\n<\/blockquote>\n\n\n\n<p><\/p>\n","protected":false},"excerpt":{"rendered":"<p>Sponsor Forum er baseret p\u00e5 ideen om en sponsor, som een, der st\u00f8tter et andet menneske i, at fremme eller st\u00f8tte op om en forandringsproces, et projekt eller lignende. Vores prim\u00e6re m\u00e5lgruppe er unge mellem 17 og 21 \u00e5r. Vi kan godt lave undtagelser hvis de er relateret til vores Visioner, om at fremme det&hellip;<\/p>\n","protected":false},"author":1,"featured_media":0,"parent":0,"menu_order":0,"comment_status":"closed","ping_status":"closed","template":"","meta":{"footnotes":""},"class_list":["post-2","page","type-page","status-publish","hentry"],"_links":{"self":[{"href":"https:\/\/sponsorforum.dk\/index.php\/wp-json\/wp\/v2\/pages\/2","targetHints":{"allow":["GET"]}}],"collection":[{"href":"https:\/\/sponsorforum.dk\/index.php\/wp-json\/wp\/v2\/pages"}],"about":[{"href":"https:\/\/sponsorforum.dk\/index.php\/wp-json\/wp\/v2\/types\/page"}],"author":[{"embeddable":true,"href":"https:\/\/sponsorforum.dk\/index.php\/wp-json\/wp\/v2\/users\/1"}],"replies":[{"embeddable":true,"href":"https:\/\/sponsorforum.dk\/index.php\/wp-json\/wp\/v2\/comments?post=2"}],"version-history":[{"count":4,"href":"https:\/\/sponsorforum.dk\/index.php\/wp-json\/wp\/v2\/pages\/2\/revisions"}],"predecessor-version":[{"id":38,"href":"https:\/\/sponsorforum.dk\/index.php\/wp-json\/wp\/v2\/pages\/2\/revisions\/38"}],"wp:attachment":[{"href":"https:\/\/sponsorforum.dk\/index.php\/wp-json\/wp\/v2\/media?parent=2"}],"curies":[{"name":"wp","href":"https:\/\/api.w.org\/{rel}","templated":true}]}}